) - 3*t(g). Calculate d(-2).
-30
Let i(w) = -8*w - 1. Suppose 0 = 8*b - 101 + 21. Let p(y) = -y**3 + 10*y**2 + 2*y - 21. Let d be p(b). Calculate i(d).
7
Let g be 4/(-14) - (-375)/(-35). Let l(m) = m**2 + 11*m + 5. Let n be l(g). Let r(y) = -n*y + 4 + 3*y - 3. Calculate r(1).
-1
Let n = 8597 - 8596. Let p(z) = -11*z**2 + 1. Let i(c) = -56*c**2 + 5. Let m = 3 + -1. Let o(k) = m*i(k) - 11*p(k). Determine o(n).
8
Suppose 4*r + 4*x + 4 = 0, 6 = r - 2*x - 8. Suppose -33 = -4*t - 5*k, 0 = r*t + 2*k + 2*k - 28. Let y(m) = 6*m - 1. Calculate y(t).
11
Let f(t) = -t**2 - 22*t - 67. Let m be f(-4). Let b be (-2)/(-8) - 33/(-12). Let k(o) = -b*o + 0*o + o - m*o. What is k(-2)?
14
Let v(l) = -l**3 + 4*l**2 + 2*l - 6. Let d be (-138)/(-7) + 4/14. Let q be 17/5 - 8/d. Suppose 0 = b + n - 6, 2 + 4 = q*b - 3*n. Calculate v(b).
2
Let q(w) be the first derivative of -5*w**2/2 + 5*w - 457. Calculate q(3).
-10
Let z(v) = 2*v**2 - 109*v - 62. Let n be z(55). Let s(c) = -c + 3. What is s(n)?
10
Let d(j) be the third derivative of -j**7/630 + j**6/360 + 29*j**5/60 - 31*j**2. Let u(p) be the third derivative of d(p). Give u(-2).
18
Let k(x) = 20*x**2 + 2*x + 1. Let q be (-20)/90 - (-7)/(-9). Calculate k(q).
19
Suppose -n = -20 - 12. Let q be 56/n - (-1)/4. Let i(f) = -3*f - f + q*f + f**2 + f. What is i(-3)?
12
Let i = -1 + 6. Suppose 0 = 6*g - i*g + 2. Let s(m) = -2*m**2 - 4*m - 2. Give s(g).
-2
Suppose 2*m - 2 = 3*a, 0 = -5*a - m - 43 + 18. Let b(k) = k**3 + 3*k**2 - 4*k + 2. Give b(a).
2
Let i be 2/8 - 30/(-8). Let w(l) = -7*l + 129. Let g(b) = -15*b + 279. Let r(p) = 6*g(p) - 13*w(p). Give r(i).
1
Let o(k) = 7*k + 2. Let v(q) = 16*q + 4. Let m(x) = 9*o(x) - 4*v(x). Let a be (-8)/(-6)*(-18)/(-4). Let p = 2 - a. What is m(p)?
6
Let a(o) = -o**3 - 18*o**2 - 17*o + 2. Let k be a(-17). Suppose -12 = -k*i - 4*z, -i + 2*z = 2*i + 22. Let n(t) = t**2 - 4. Determine n(i).
12
Let b(a) = 11*a. Let q = 4 + 5. Suppose 1 = q*x - 17. Determine b(x).
22
Let s(x) = x + 18. Let o(r) = r**2 + 22*r - 54. Let d be o(2). What is s(d)?
12
Let x be -10*(-2)/40*2. Let t(z) = z**2 - z + 1. Determine t(x).
1
Let v(r) = -2*r + 7. Suppose 20*u - 9*u = 154. What is v(u)?
-21
Let r be (-1324)/(-22) + 12/(-66). Suppose 2*y - 8*y = -r. Suppose -4 = 2*s, s + 2*s = 4*m - y. Let f(z) = -3*z**2 - z + 1. Determine f(m).
-3
Suppose 0 = -29*w + 156 - 243. Let o(s) = s + 5. What is o(w)?
2
Suppose d + 3*h = 5*d - 5, 0 = -d + 2*h. Suppose -4*q + d*q = -2. Let o be (0 + q)/((-9)/(-54)). Let y(k) = -k + 1. Give y(o).
-5
Suppose x + 4 = 8. Let u(o) = -2*o + 5*o + o - 3*o - x. Suppose 3*y - 9 = -0. What is u(y)?
-1
Let d(j) = -4*j. Suppose 2*f - 6 = -2*b, 2*b - 9 = 3*b - 5*f. Suppose 6*s - 11*s = -20. Let x be s/12*(b - 7). Determine d(x).
8
Suppose 2*a + 2*a = 40. Let l = a - 12. Let n(v) be the first derivative of -4*v**3/3 - v**2/2 - v - 3. Determine n(l).
-15
Let s(u) = -u**3 + 3*u**2 + 4*u - 6. Let r be s(4). Let d(w) be the first derivative of -w**4/4 - 2*w**3 - w**2/2 - 3*w - 4. What is d(r)?
3
Let q(v) = 2*v - 3*v - 1 + 4. Let g(p) = 2*p**3 + 84*p**2 + 3. Let f be g(-42). What is q(f)?
0
Suppose 3*m + 0*m + 15 = -g, 4*m + 27 = g. Let x(i) = -i**2 - 9*i - 8. Give x(m).
10
Let i(m) be the second derivative of -m**5/60 + m**3/3 + m**2/2 - 2*m. Let c(g) be the first derivative of i(g). Suppose 6 = 3*j - 6*j. What is c(j)?
-2
Let v(a) = -508*a - 509*a + 3 + 1019*a. Calculate v(-9).
-15
Let x = -30 - -32. Let u(t) = 3*t**2 - 10*t - 2*t**x - 16 + 8 - 7. Calculate u(11).
-4
Suppose -x = -o + 5, 3*x - 5*o + 14 = -11. Let j(l) = -8 - l**2 - 4*l + x + 7. Determine j(-3).
2
Let u(l) = 14*l + 13. Let b(c) = 9*c + 9. Let w(g) = -8*b(g) + 5*u(g). Calculate w(-7).
7
Let s(h) = -h**2. Let p(i) = -15*i**2 - 2*i + 1. Let d(k) = p(k) + 5*s(k). Calculate d(1).
-21
Let v(a) = 2*a + 22. Suppose -4*n + 42 = -2*y, 8*n - 6*n = 3*y + 51. Give v(y).
-8
Let k(v) = -v**2 - v + 10. Let q(b) be the first derivative of -4*b + 1/2*b**2 + 4/3*b**3 - 1/4*b**4 + 1. Let n be q(4). Give k(n).
10
Suppose -4*s + 2*d = -3*s + 2, -4*s + 12 = -3*d. Let g(r) = r**2 - 6*r + 3*r + 2*r - 2*r + 250 - 258. What is g(s)?
10
Let h(n) = -2*n + 5. Let f(x) be the second derivative of 7*x**4/12 + x**3/6 - 7*x. Let y be f(2). Let c = y + -24. What is h(c)?
-7
Let x(i) = i**3 - 5*i**2 + 5*i + 3. Let q(l) = -l**2 - 9*l - 13. Let h be q(-7). Let j = 5 - h. Determine x(j).
7
Let a(x) = x**3 - 5*x**2 + 5*x + 4. Let q = 21 + -18. Let b be 7 + 3 + q/(-3). Suppose -11 = -5*s + b. Calculate a(s).
8
Let q(s) = 5*s**2 - 5*s - 9. Let l be q(-4). Let a = l - 87. Let b(v) = 4*v**2 - 2*v + 6. Let t(x) = x**2 + x. Let h(i) = b(i) - 3*t(i). Determine h(a).
2
Let w = -2447 + 2446. Let d(f) = 4*f**2 + f + 2. Calculate d(w).
5
Let z(a) = 9*a**2 - a. Let x be (192/(-15))/(4/(-10)). Suppose 0 = -3*o - 4*p + x, -28 = -o - 3*p - 9. Suppose -r - 5*i - 9 = -3, 4*i = o*r. Give z(r).
10
Let n(v) be the second derivative of v**3/6 - 6*v**2 - 14*v. Give n(8).
-4
Suppose 0 = -m + 5 - 13. Let r(k) = -k - 8. Let q be r(m). Let o(v) = v**3 - v**2 + v - 4. Give o(q).
-4
Let f(a) = -2*a + 19. Let k be 76/9 + (-548)/1233. Determine f(k).
3
Let h(v) = -v**3 + 2*v**2 + 5*v - 3. Let o be h(3). Suppose r + 2 = -3*g, 2*r - g - 6 = -2*g. Let c(x) = r + 1 - x + 2*x - o. What is c(-5)?
-3
Let l(b) = -101*b**2 - 105*b**2 - 3 - 1 + 211*b**2 + 2*b + b**3 - 2*b**3. What is l(5)?
6
Let l(j) = j**2 + 6*j + 5. Suppose -2 - 3 = -d. Suppose 0 = -o + 5*a + 5, d*o + 4*a = 2*a - 29. Calculate l(o).
0
Let f(l) = l**2. Let y = 73 - 75. Let v(d) = 2*d**3 - 5*d - d**3 - d - d**2 + 1. Let t(b) = y*f(b) + v(b). Calculate t(4).
-7
Let n(b) be the first derivative of -b**3/3 - 9*b**2/2 - 3*b - 59. Give n(-8).
5
Let a(o) be the second derivative of o**5/20 - 2*o**4/3 + o**3 - 4*o**2 - 20*o + 1. What is a(7)?
-15
Suppose -16 = -4*k - 4*q, q - 14 = -3*k - 3*q. Let a(s) = 7*s - 4. What is a(k)?
10
Let f(g) = 2*g**3 - g**2 + 2*g - 1. Let q(i) = 3*i**3 + i**2 + 5*i. Let k(l) = -f(l) + q(l). Let c be 34/(-10) + 2/5. Determine k(c).
-17
Let r be (-42)/(-35)*5/2. Let c(j) = j**2 + j**3 + 5 - 2*j + 0*j**r - 2*j**3 + j. What is c(0)?
5
Let b(n) = -n**3 + 8*n**2 + 9*n - 6. Let z = -53 + 41. Let j(l) = -l**2 - 12*l + 9. Let v be j(z). Determine b(v).
-6
Let d(n) = 5*n**2 + 1 - n**2 - n**2 - 5*n**2 - 2*n**3. Let p(h) = h**2 + 20*h + 20. Let f be p(-19). What is d(f)?
-3
Let s(f) = 4*f**3 + 2*f**2 + 10*f + 8. Let x(p) = p**3 - 11*p**2 + 10*p**2 - p - 2*p**3 - 1. Let v(k) = -s(k) - 5*x(k). Calculate v(-4).
1
Suppose -5*s + 16 = -2*w + 53, -5*s - 55 = -5*w. Let c(r) = 13 + 3*r - 15 - w*r + 0*r. Let k = -18 + 16. Determine c(k).
4
Let b(g) = g**3 + 3*g**2 - 3*g + 6. Let r be (-2)/(-16) + (-759)/184. Calculate b(r).
2
Let w(z) be the third derivative of z**4/8 - z**3/2 + z**2. Suppose -2*a - 64*b = -69*b + 12, -b - 12 = 2*a. Determine w(a).
-21
Let b(q) = q**3 - 6*q**2 + 5*q + 2. Suppose 5*p + 9 = 34. Suppose 2*x + 31 = p*a, -x - 3*x = 12. Calculate b(a).
2
Let y(f) = f**2 + 6*f + 13. Let c be y(-3). Let d(s) = s**3 - 2*s**2 - 4*s - 4. Determine d(c).
12
Let v(l) = -l**3 - 4*l**2 + 3 + 6 + 5*l - 3. Suppose 20 = 5*u - 5. Suppose 4*h + n = -18, -h - 2*n + u = 3*n. Give v(h).
6
Suppose -b - 2*r = -0*r - 1, -5*r - 10 = 0. Let u(q) = -q**2 + 7*q - 2. Determine u(b).
8
Let l(j) = 11*j**3 - j**2 - 2*j - 1. Suppose r = -5*x + 23, -15 = -r - 5*x + 2*x. Let w(s) = -s**2 + 4*s - 3. Let z be w(r). Suppose 2*u + 2 = -z. Give l(u).
-11
Suppose -11*g + 10 = -34. Let z be (-3 + 1)/((-1)/2). Let y(a) = -a - 5*a + z*a + 1. Determine y(g).
-7
Suppose 0 = t + b + 7, 4*t + 7*b = 2*b - 31. Let a = 46 + -42. Let m(w) = 6 + 9 - 20 + a + w. Give m(t).
-5
Let g(l) be the second derivative of -l**5/20 + l**4/3 + l**3/2 - 3*l**2/2 + 31*l. What is g(4)?
9
Let f(p) = -5*p**2 - 3*p - 1. Let n be (-1)/((-155)/75 - -2). Let k be ((-20)/50)/(3/n). Determine f(k).
-15
Let q(n) = -1533 + n**2 - 1529 + 3056. Determine q(0).
-6
Let m(a) be the first derivative of -a**3/3 - 5*a**2/2 - a - 18. Suppose 4*t - 6 = -2*l, l + 12 = 5*l + t. Suppose l*x + 10 = x. Give m(x).
-1
Let r(l) = -l**3 - l**2 + l - 10. Let t(y) = 2*y - 10. Let x be t(9). Suppose -15*k = -8*k - x*k. Calculate r(k).
-10
Let y(a) = a**3 + 5*a**2 - 6*a - 3. Let m = -16 - -12. Let l be -2 + 1 + m + -1. Calcula